 prime factors of t.
2, 43
Suppose 0 = -11*f + 1629 + 1099. Let v = f - 29. List the prime factors of v.
3, 73
Let x = 8986 + -4131. List the prime factors of x.
5, 971
Let g = -302 + 305. Suppose 4*q - 1200 = -5*u, g*u - 4*q - 705 + 17 = 0. List the prime factors of u.
2, 59
Let o(z) = -9*z + 14*z + 60*z + 9*z + 34. What are the prime factors of o(10)?
2, 3, 43
Let w(d) = 122*d + 27 + 125 + 3 + 107 - 45. List the prime factors of w(7).
3, 7, 17
Let p(a) = 8*a - 20. Let z be p(4). Suppose 0 = z*b + 28 + 32. What are the prime factors of (b + 0 + 4)*1360/(-5)?
2, 17
Let z = 3404 + -2670. List the prime factors of z.
2, 367
Suppose -4*t - 3*x = -1242, 5*t - 3*x + 297 = 6*t. List the prime factors of t.
3, 5, 7
Let q(r) = 8*r + 31. Let m(v) = -v. Let j(y) = 6*m(y) + q(y). Let a be j(16). Suppose 0 = -3*t - 2*p + 101 + a, p + 215 = 4*t. List the prime factors of t.
2, 3
What are the prime factors of (-14)/(-42)*(14484 - 0)?
2, 17, 71
Suppose -o + 0*o - 1656 = -7*o. What are the prime factors of o?
2, 3, 23
What are the prime factors of 42298 - (-96)/(-30)*120/48?
2, 5, 4229
Let z be (4 - (-90)/(-21)) + (-2048)/(-14). Let b = 331 - z. What are the prime factors of b?
5, 37
Suppose -1212 = 3*o - 3*s, 1617 = -4*o - 0*s + 3*s. Let p = o + 617. What are the prime factors of p?
2, 53
Let v(r) = 235*r + 34. Let d be v(8). Suppose -74 = 5*p - d. What are the prime factors of p?
2, 23
Let r(c) = 11214*c - 199. List the prime factors of r(1).
5, 2203
Suppose 22928 = 26*k + 1114. Suppose 5*j - 4749 = -k. What are the prime factors of j?
2, 17, 23
Suppose m - 9 = -z - 3, -5*z - 3*m + 26 = 0. Suppose -658 = -z*h + 3*i, -4*i = -4*h + i + 654. List the prime factors of h.
2, 83
Let f(l) = l**2 + 8*l + 33. Let w be f(-11). Let u be ((-33)/(-2))/(3/30). Let y = u - w. What are the prime factors of y?
3, 11
Let n be 8/28 + 36/(-28). Let o(h) = 16*h**2 - 2*h - 3. Let g be o(n). List the prime factors of 4 + 24*40/g.
2, 17
Suppose -16 + 4 = 3*z. Let f be (-12)/(z/(68/1) - 0). Suppose -5*a = -2*t + f + 66, -3*t = -4*a - 391. List the prime factors of t.
5
Let k = 60 - 82. Let c = k + 21. Let z(p) = 98*p**2 - 4*p - 2. What are the prime factors of z(c)?
2, 5
Suppose -k - 25711 = -3*q, -122*q + 117*q + 2*k = -42852. List the prime factors of q.
2, 5, 857
Let b = 4648 + 1288. List the prime factors of b.
2, 7, 53
Suppose -2*c - 3*x + 16470 = 0, 0*x = -c - 2*x + 8236. What are the prime factors of c?
2, 3, 7
Let u(i) = 3*i**3 - 4*i**2 - 3*i - 3. Let q = 73 - 69. Let b be 2/q - (63/(-6) - -7). List the prime factors of u(b).
113
What are the prime factors of 23 - (-70992 - (18 - -5))?
2, 11, 3229
Suppose 0 = 7*r - 12*r + 30. Suppose 801 + 3045 = r*k. What are the prime factors of k?
641
Let s = 24 + -21. Let x be s/9*381 - 2. Suppose 0 = -5*v + x - 10. What are the prime factors of v?
23
Let j = -9216 - -11462. List the prime factors of j.
2, 1123
Let r(z) = -z**3 - 12*z**2 + 14*z + 4. Let a be r(-14). Let m(h) = h - 13. Let u be m(8). Let y = u + a. What are the prime factors of y?
3, 5, 13
Suppose -23*z = 7997 + 4791. Let b = 723 + z. What are the prime factors of b?
167
Let w be -2*(-170)/(-8)*(-38)/5. Let o = 596 - w. List the prime factors of o.
3, 7, 13
Let w(l) = -2929*l - 4624. List the prime factors of w(-10).
2, 3, 4111
Suppose -5*j - 8*v + 55739 = -9*v, 0 = 4*j - 5*v - 44608. Suppose -6*o + j - 2807 = 0. What are the prime factors of o?
2, 5, 139
Let j(h) = -h**3 + 12*h**2 - 5*h + 5. Suppose 4*g = -2*q + 36, -1 = -g + 2. Let k be ((-18)/q)/((-3)/20). List the prime factors of j(k).
5, 31
Suppose -2*x = 5*d - 1, 0 = 3*d + 2*x - 0*x - 3. Let k(q) = -10*q**3 - q - 1. Let r be k(d). What are the prime factors of (0 - -13)/(5/r)?
2, 13
Let u be (-310)/35 - (-30)/35. Let c = -6 - u. What are the prime factors of c?
2
Let q = 27324 - 16400. List the prime factors of q.
2, 2731
Suppose 0 = -21*s - 373 + 37. Let r(i) = -44*i - 127. What are the prime factors of r(s)?
577
Let f be (4/(-5) - (-4)/(-20))/1. Let p be (146 - f) + (-2 + 8)/(-2). Let n = p - 76. List the prime factors of n.
2, 17
Let m be (5 - 146010/24)*-4. What are the prime factors of m/10*10/15?
1621
Let k = 40 + -42. Let j be (0/(-4) + 3 + k)*3. Suppose 73 = 3*q - 2*l, 2*q + 8*l = j*l + 36. What are the prime factors of q?
23
Let r(a) = a**2 - 16*a + 14. Let c be r(15). Let n be 28 - 8*c/(-2). Suppose 0 = 3*d - 6 - n. List the prime factors of d.
2, 5
Let y(t) be the third derivative of 13*t**4/8 + 61*t**3/2 + 12*t**2 + 6. What are the prime factors of y(20)?
3, 107
Let h(z) = 7*z**3 + 12*z**2 - 147*z - 6. What are the prime factors of h(11)?
2, 17, 269
Let m = 18 - 20. Let w be -24*(-9)/27*m/(-4). Suppose w*l = -2*l + 1164. List the prime factors of l.
2, 97
Let g = 12 - -5. Suppose 2*n = g - 125. Let y = n - -275. What are the prime factors of y?
13, 17
Let h(d) be the second derivative of -d**5/20 + d**4/3 + 7*d**3/6 - 5*d**2/2 + 7*d. Let i be h(5). Suppose 0 = -3*c + i*c - 62. What are the prime factors of c?
31
Let v(t) be the first derivative of -t**4/4 + 3*t**3 + 11*t**2/2 - 8*t + 23. Let z be v(10). What are the prime factors of -15*(z/(-3))/2?
5
List the prime factors of (2920/50)/(((-114)/(-6120))/19).
2, 3, 17, 73
Suppose -16*n + 46870 = -142138. List the prime factors of n.
11813
Let b be (-2 - (2 - (7 - 3))) + 86. Suppose 3*d = -4*q + 335, 2*d - 4*q - 164 = b. What are the prime factors of d?
3, 13
Suppose -16*a - 10*a = -134316. What are the prime factors of a?
2, 3, 7, 41
Let j = 123 - 133. Let n be 1/j*5*2*-2. Suppose 3*y - 735 = -n*y. What are the prime factors of y?
3, 7
What are the prime factors of ((-56280)/1470)/((-2)/266)?
2, 19, 67
Suppose 93344 = 2*l + 4*v, -39*v = -5*l - 36*v + 233243. List the prime factors of l.
2, 23327
Suppose -8*r + 9 = -23. Let o(h) = 9 - h**3 - 20*h + 0*h**3 - 8*h**2 - 4*h**2 - r*h. What are the prime factors of o(-10)?
7
Suppose 12*k + 2*h - 14675 = 7*k, 3*k - 8814 = -3*h. Suppose 544 = 2*o + 5*z - 1405, -2*z = -3*o + k. List the prime factors of o.
977
Let w(o) = 361*o + 57 - 55 + 289*o. What are the prime factors of w(1)?
2, 163
Suppose 0 = f - 4*a - 2844, 15*a - 10*a = 2*f - 5700. List the prime factors of f.
2, 5, 11, 13
Let h be (2084/(-6))/((-60)/(-270)). Let k = -928 - h. What are the prime factors of k?
5, 127
Let y = -2937 + 5212. Suppose -13*k - 3*f - 562 = -14*k, 4*k - y = 3*f. List the prime factors of k.
571
Let f(m) = -2*m**2 + 2*m + 27. Let o = -15 + 21. Let r be f(o). Let n = 62 + r. What are the prime factors of n?
29
Let h(g) be the third derivative of 0*g + 0 - 1/4*g**4 - 17/6*g**3 - 15*g**2. List the prime factors of h(-11).
7
What are the prime factors of (-4)/20 + (8 - (-869405)/25)?
2, 1087
Let q(s) be the first derivative of 11*s**2 - 268*s - 56. What are the prime factors of q(38)?
2, 71
Let m be -421 + 0 + -2 + 7 + -8. Let t = m + 1002. List the prime factors of t.
2, 17
Let s(q) = -34*q**3 + q**2 + q + 3. Let n(d) = d**3 + 25*d**2 + 25*d + 22. Let i be n(-24). What are the prime factors of s(i)?
277
What are the prime factors of ((-9)/1 + 2753520/160)/(4/8)?
3, 11467
Let y = 490 + -506. Let q(s) = s**2 + 5*s + 130. What are the prime factors of q(y)?
2, 3, 17
Suppose -g + 3*u = -11557, 0 = -g - 215*u + 210*u + 11509. List the prime factors of g.
11, 1049
Let y = 13398 - 6989. List the prime factors of y.
13, 17, 29
Let q be 3/21 - (-6 + (-4118094)/42). List the prime factors of 12/(-90) + q/120.
19, 43
Suppose 28 = -5*a - 2. Let u = 319 - a. What are the prime factors of u?
5, 13
Suppose 335 = 39*o + 62. List the prime factors of -1*5 + 858/77*o.
73
Let v = 89 + -87. Suppose v*r = -7 - 1. What are the prime factors of 460/r*((-6)/2)/3?
5, 23
Let w(h) = h**3 + 5*h**2 + 12*h + 156. Let s be w(-6). Let g be 1 + (-3)/2*22. Let y = g + s. List the prime factors of y.
2
Suppose 4*y = -3*m - 13, -4*m - m - 2*y = 3. Suppose m = u - 4. Suppose u = 5*r, 3*v + 4*r - r - 69 = 0. What are the prime factors of v?
2, 11
Let g(u) = -127*u - 38 - 12 + 118*u. What are the prime factors of g(-26)?
2, 23
Let j(y) = y**2 - 14*y + 10. Suppose 0 = 6*m + m - 49. Let l be (m + (-4 - -4))*3. List the prime factors of j(l).
157
Let q(g) be the second derivative of g**4/12 - 4*g**3/3 + 23*g**2/2 - 35*g. Let z be q(7). Suppose -z*l + 10*l = -1584. What 